mine y(x).
-11
Let w(r) be the second derivative of -r**6/120 - r**5/20 + r**4/8 + r**3/2 - 5*r**2/2 + 4*r. Let d(s) be the first derivative of w(s). Determine d(-4).
7
Let b(n) be the third derivative of 0*n + 0 + 1/12*n**4 - 3*n**2 + 5/6*n**3. What is b(-5)?
-5
Suppose 3*g + 2*g = 200. Suppose w + g = 3*w. Suppose 4*n = 5*v + w, -3*n + v + 2 = -13. Let x(y) = y - 12. Give x(n).
-7
Let m(f) = -f - 1 - 3 + 1. Let l(b) = b + 1. Let k(u) = 4*l(u) + m(u). Give k(3).
10
Let a = 13 - 14. Suppose 0 = 3*l - 5*l - 10. Let f(o) = -8*o**2 - 9*o - 2. Let s(d) = 4*d**2 + 5*d + 1. Let v(g) = l*s(g) - 3*f(g). Determine v(a).
3
Let c(s) = -s**2 + 2*s + 10. Let h be c(5). Let d(g) = g**2 + 3*g - 4. Give d(h).
6
Let c(f) = -f**2 + 4*f - 3. Let k(y) = 2*y - 4. Let l be k(3). Give c(l).
1
Let r = -41 + 43. Let m(h) = -h**2 + 2*h - 1. What is m(r)?
-1
Let k(q) be the second derivative of -3/2*q**2 - 1/2*q**4 - 1/3*q**3 + 0 - 1/20*q**5 + 4*q. Determine k(-6).
9
Let h(v) = -v**2 + v - 1. Let g(n) = n**3 - 5*n**2 - 4*n - 5. Let q(k) = g(k) - h(k). Calculate q(5).
-4
Suppose 2*m + 2*v = -2*m + 10, 0 = v + 5. Suppose -m*t + 4*u + u + 5 = 0, 14 = -4*t - 5*u. Let s(l) = -12*l**3 - 1. Determine s(t).
11
Let o(w) be the third derivative of -w**7/840 + w**6/90 + w**5/30 - w**4/8 - 5*w**3/6 + 4*w**2. Let y(p) be the first derivative of o(p). Give y(4).
13
Let f(g) = 7*g**2 + 14*g + 18. Let u(v) = 4*v**2 + 7*v + 9. Let b(z) = -3*f(z) + 5*u(z). Give b(-7).
-9
Let f(h) = 6*h - 2. Suppose z + 2*z + 6 = 0. Let y(k) = 23*k - 9. Let q(n) = z*y(n) + 9*f(n). Suppose 4 - 7 = 3*u. Give q(u).
-8
Let x(n) = 2*n + 2. Let d = 5 - 3. Let j(i) = i + 0 - 1 + 3*i - 5*i. Let y(s) = d*x(s) + 3*j(s). Give y(-2).
-1
Let s = -6 + 7. Let v = s + 2. Let b(y) = 3*y**3 + y**2 + 9*y - 1. Let d(t) = 2*t**3 + 5*t. Let z(m) = -3*b(m) + 5*d(m). Calculate z(v).
-3
Let z(k) be the third derivative of -k**5/60 - k**4/6 - k**3/6 - 47*k**2. Let v = 3 - 6. Determine z(v).
2
Let x(r) be the second derivative of -r**4/12 - 5*r**3/6 + 5*r**2/2 + 6*r. Determine x(-5).
5
Suppose 3*z + 2*z = -4*q - 1, -2*z - 1 = q. Let b(t) = -3*t**2 + 3*t**2 - 3*t**2. What is b(z)?
-3
Let s(d) = 3*d**2 + 9*d - 5. Let a = -16 + 9. Let n(f) = -1 + 2 + 2 - 5*f - f**2. Let o(t) = a*n(t) - 4*s(t). Determine o(-1).
-5
Let o(y) = -5*y**2 + 4*y - 2. Let n(t) = -9*t**2 + 7*t - 3. Let x(v) = 4*n(v) - 7*o(v). Calculate x(0).
2
Let v be 4/(2/(-2) - 0). Let y(s) = s**3 + 5*s**2 + 3*s - 4. Let d be y(v). Let x(g) = -259 + 3*g + 263 - 2*g. Determine x(d).
4
Let k = 63 + -93. Let j be (-1)/4 - k/24. Let d(x) = 10*x**3 - 1. Determine d(j).
9
Let c(d) be the second derivative of -d**3/6 + 3*d**2/2 - d. Let k(z) = 4*z - 1. Let f be k(-1). Let y be (3/(-5))/(-1)*f. Determine c(y).
6
Let o = -10 + 11. Let p(q) = q - 1. Determine p(o).
0
Suppose 2*f - 28 = 6*f. Let k(v) = 3*v + 4. Let u(q) = -5*q - 7. Let w(d) = f*k(d) - 4*u(d). Calculate w(0).
0
Suppose -2*q = 2*q + 4. Let i(a) = -6*a**3 - 3*a**2 + 4*a - 4. Let u(f) = 12*f**3 + 5*f**2 - 7*f + 7. Let d(p) = -7*i(p) - 4*u(p). Give d(q).
7
Let z(k) = 40 - 4*k - k + 39 - 76. What is z(2)?
-7
Let i(a) = -a**2 + 11*a - 4. Let m = -80 + 90. What is i(m)?
6
Let t = 18 + -18. Let j(y) = y**3 + y**2 + y - 2. Determine j(t).
-2
Let p = 103 - 101. Let w(v) = 6*v**2 - v - 2. Calculate w(p).
20
Let y(u) = -4*u**2 - 17*u - 1. Let s(b) = -b**2 - 4*b. Let g(o) = -9*s(o) + 2*y(o). Let w = 1 - -1. Let i = -5 + w. What is g(i)?
1
Let w(f) = 2*f - 2. Let t be w(2). Suppose 0 = 2*z - t*a, 7 + 1 = 3*z + 5*a. Let i(n) = 4*n. Calculate i(z).
4
Let n(i) = i - i**3 + 3*i**2 + 3151 - 3147 - 6*i**2. Suppose -3*c = 3*j - 3, 4*c + 5 = c - j. Calculate n(c).
1
Let h(c) = -c**3 - 2*c**2 + 2*c - 1. Let r be h(-3). Let i be ((-32)/(-20))/(r/(-5)). Let f(g) = -g**3 - 5*g**2 - 3*g + 2. Determine f(i).
-2
Let a(l) = 4*l + 4. Let s be (-8 + 15/2)/((-1)/(-14)). Give a(s).
-24
Let k(q) = -q**3 - 5*q**2 + 4. Let n be (-2 - -4) + 99 - 2. Let l be n/(-21) - 6/21. Give k(l).
4
Let s(d) be the second derivative of d**5/20 - 2*d**4/3 + 7*d**3/6 - d**2 + 3*d. Let f be s(7). Let w(c) = 52 - 54 + c + 2*c - c. Calculate w(f).
-6
Let p = 5 - 10. Let m(n) = -n**3 - 5*n**2 - 6. Give m(p).
-6
Let b(s) = -s**3 + 7*s**2 - 7*s + 3. Let n(d) = -2*d**3 - 4*d**2 - d + 4. Let z be n(-2). Calculate b(z).
-3
Let y(w) = -w. Let s(k) = 2*k + 1. Let p(z) = -2*s(z) - 3*y(z). Let t = -73 + 77. Calculate p(t).
-6
Let i(h) = -2*h. Suppose 0*p = -p. Suppose 0 = -p*x + x + 1. What is i(x)?
2
Let r(l) = -3*l - 4 + 5*l + 0*l. Determine r(-5).
-14
Let h(x) be the first derivative of x**4/4 + x**3/3 - x**2 + x + 4. Let o = -24 + 16. Let b(j) = j + 5. Let l be b(o). What is h(l)?
-11
Let v(n) = -4*n**2 + n + 1. Let o(s) = -2*s - 1. Let m be o(-3). Suppose -1 = m*y - 6. Suppose -2 = 3*f + y. Calculate v(f).
-4
Let b(q) = -2*q**2 - 4*q - 2. Suppose 3*l = -6, 2*o + 7 = -2*l - 3. Calculate b(o).
-8
Let r(i) = 6*i + 8. Let p(s) = -s - 1. Let j(d) = 5*p(d) + r(d). Determine j(-8).
-5
Let m = -19 - -16. Let k(p) = 2*p**2 - p + 2. Let h(j) = -5*j**2 + 2*j - 5. Let v(a) = -3*h(a) - 7*k(a). Determine v(m).
7
Let v(j) = -4*j**2 + 1 - 5 + 3. What is v(1)?
-5
Let w(f) = -3*f**2 - 6 + 4*f**2 + 28 - f**3 - 10 - f. Calculate w(0).
12
Let i = 2 - -4. Let y(a) = -4 - a + 0 + 7. Determine y(i).
-3
Let a = 13 + -11. Let n(j) = -2*j**3 + 4*j**2 - 2*j - 1. Give n(a).
-5
Let n(y) = y**2 - 14*y + 38. Let b be n(11). Let u(x) = x**3 - 6*x**2 + 6*x - 3. Calculate u(b).
2
Let r(t) = -3 - 3*t**2 + 0*t**2 - t + 0 + 5. Give r(-2).
-8
Let c = 8 - 6. Suppose -x - 6 = -c. Let n(u) = -2*u**2 - 5*u - 4. What is n(x)?
-16
Suppose 23*r + 13 = 10*r. Let h(k) = 6*k**2 + 1. Give h(r).
7
Let i(x) = -x**3 - 5*x**2 + x + 8. Suppose -4*d - 3*b = -2*d + 1, 2*b = 2*d - 4. Let z(c) = -c + 1. Let h(p) = d*z(p) - i(p). What is h(-5)?
3
Suppose -2*s = -3*s + v - 15, -5*v = 4*s + 15. Let z be (-4)/(-1*2/s). Let p be (2/(-5))/((-2)/z). Let f(h) = -h**3 - 4*h**2 - 3*h - 4. Calculate f(p).
8
Let b(k) = -3*k**2 + k - 1. Let h(l) = -l - 8. Let u be h(-9). Give b(u).
-3
Let q(w) = -4*w + 9. Let g(h) = 11*h - 27. Let d(x) = 6*g(x) + 17*q(x). Determine d(-6).
3
Let q(b) = 2*b. Let d be (4/6)/((-1)/(-15)). Let n = -7 + d. Suppose 2 + 0 = -2*s - p, -3*s - n = 2*p. Determine q(s).
-2
Let l(x) = -14*x**3 + 2*x**2 - x. Let b be ((-16)/(-24))/((-2)/(-3)). Calculate l(b).
-13
Let j(m) = -67 - 62 + 192 - m + m**2 - 60. What is j(3)?
9
Let c(r) = -3*r**2 - 5*r - 6. Let j(f) = -4*f**2 - 6*f - 7. Let s(g) = 5*c(g) - 4*j(g). Let x = 2 - 3. Let l = x + 4. Calculate s(l).
4
Suppose 2*t + 3*j - 24 = 0, 5*j = 9*t - 5*t - 4. Let h(g) = -g**3 + 7*g**2 - 3*g - 6. Determine h(t).
12
Let m(s) be the third derivative of s**8/6720 + s**7/1260 - s**6/144 - s**5/30 + s**4/24 + s**2. Let r(v) be the second derivative of m(v). Determine r(-3).
2
Let l = -9 + 11. Let m(q) = -q - 3. Let h(o) = 1. Let t(z) = -4*h(z) - 2*m(z). Determine t(l).
6
Let t = 12 + -6. Let f(s) = -5 + s - 6*s - t*s**2 - 2*s + 4*s**2. Suppose 2*q + 4 = q. Determine f(q).
-9
Let u(m) = -m - 3. Let q be 2/(-4) - (-9)/2. Suppose 2*s + j = 0, q*s - 4*j + j = 0. Determine u(s).
-3
Let v(k) be the third derivative of 0*k + 0*k**4 + 0 - k**2 + 1/120*k**6 + 1/15*k**5 - 1/6*k**3. Suppose 0*i = -3*i - 9. Give v(i).
8
Let l(h) = 3*h + 1. Suppose -2*q + q - 2 = 0. What is l(q)?
-5
Suppose -4*m - 18 = 6. Let p(f) = -5*f + 0*f - f - 7*f**2 - f**3. Calculate p(m).
0
Let d(n) = -2*n**3 + 2*n**2 + n**3 + 1 - 4*n + 2*n**2. Let v(p) = -p**2 - 5*p - 5. Let s be v(-5). Let a = -2 - s. Give d(a).
-2
Let p(q) be the first derivative of -q**6/360 + q**5/20 + q**3/3 - 5. Let h(s) be the third derivative of p(s). Let u = 5 - 0. Calculate h(u).
5
Let t(a) = a**3 + 1. Let z be 49/6 - 6/36. Let y = -12 + z. Let n = -4 - y. Determine t(n).
1
Let c(z) = -2 - 11 + 9 - z. Give c(3).
-7
Let q(i) be the second derivative of -i**2/2 - 5*i. Let k(p) = p - 5. Let r(m) = -k(m) + 2*q(m). Determine r(2).
1
Let n(x) = -2 + 25*x + 27*x + x**3 - 55*x. Give n(-2).
-4
Suppose -6*k = 20 - 2. Let m(o) = 3*o**2 + 3*o - 2. Give m(k).
16
Let q(b) = 1 - 3*b**2 - 4 + 4*b**2. Let d = -17 + 21. Suppose -5*k - 19 = -d. What is q(k)?
6
Let n = 49 + -44. Let j(g) = -g**3 + 4*g**2 + 4*g + 2. Give j(n).
-3
Let j = -6 + 14. Let k(a) = 2 + 0*a - a**2